7711. Calculate j(-370).
-11
Let f(b) = 5*b**3 - 12*b**2 + 90*b - 277. What is f(0)?
-277
Let c(n) = 41269*n - 165104. Determine c(4).
-28
Let d(a) = a**2 - 248*a + 9454. Determine d(47).
7
Let x(y) = 45049*y + 180193. Determine x(-4).
-3
Let b(l) = 19907*l + 198801. Determine b(-10).
-269
Let o(z) = 180*z**2 + 689*z - 43. Give o(-4).
81
Let m(c) = 2*c**3 + 211*c**2 + 329*c + 474. Determine m(-104).
-1294
Let z(t) = -t**3 + 92*t**2 - 142*t + 4909. What is z(91)?
268
Let z(y) = -97*y**2 + 10*y - 47. Calculate z(0).
-47
Let k(m) = 4*m**3 + 42*m**2 + 47*m + 225. Calculate k(-10).
-45
Let g(j) = 17435*j + 87180. Calculate g(-5).
5
Let c(i) = 387*i**3 - i**2 + 18*i - 16. Give c(1).
388
Let w(z) = 8523*z + 31008. What is w(-4)?
-3084
Let x(z) = -z**3 - 72*z**2 + 141*z - 528. Give x(-74).
-10
Let r(w) = 6*w**3 - 1575*w**2 + 12211*w + 27. Calculate r(8).
-13
Let h(g) = 61*g**2 + 386*g - 376. Determine h(1).
71
Let y(x) = 2*x**3 - 56*x**2 + 2*x + 109. Calculate y(28).
165
Let i(w) = -515*w + 71021. What is i(138)?
-49
Let y(z) = z**2 - 860*z - 1. Give y(0).
-1
Let i(w) = -5*w**3 + 390*w**2 + 6*w - 646. Calculate i(78).
-178
Let w(b) = 562*b**3 - 709*b**2 - 704*b + 4. What is w(-1)?
-563
Let g(r) = -527*r + 1470. What is g(2)?
416
Let d(k) = k**3 - 665*k**2 + 123*k - 81788. Calculate d(665).
7
Let w(u) = 219128*u - 4382552. Give w(20).
8
Let t(u) = -11*u - 556. Give t(-31).
-215
Let o(n) = -n**3 + 66*n**2 - 332*n - 244. Determine o(60).
1436
Let l(t) = -8968*t - 8988. Determine l(-1).
-20
Let d(s) = -5*s**2 + 488*s - 407. Give d(100).
-1607
Let b(s) = 523354*s + 4710106. Determine b(-9).
-80
Let h(u) = 2213*u - 30766. Determine h(14).
216
Let y(j) = j**2 + 56*j + 773. What is y(-38)?
89
Let b(t) = 403*t**3 - 5649*t**2 + 34*t + 20. Calculate b(14).
-876
Let g(n) = -91*n**2 - 394*n + 53. Give g(-5).
-252
Let p(y) = 192*y - 10607. What is p(53)?
-431
Let k(g) = 2*g**3 - 21*g**2 + 53*g - 122. Calculate k(5).
-132
Let a(m) = 2*m**3 + 26*m**2 + 720*m + 9275. Calculate a(-13).
-85
Let t(j) = 23918*j + 71881. Calculate t(-3).
127
Let v(r) = -721*r**2 - 2763*r - 1793. Give v(-3).
7
Let z(x) = 8979*x + 93152. Give z(-10).
3362
Let y(c) = -c**3 + 36*c**2 - 37*c + 1990. What is y(37)?
-748
Let p(g) = -139*g - 88. What is p(6)?
-922
Let q(m) = -7*m**3 + 46*m**2 + 136*m + 12. Give q(-7).
3715
Let b(r) = r**3 + 186*r**2 - 560*r + 503. Calculate b(-189).
-820
Let n(d) = 18*d**2 + 1188*d - 12384. Determine n(9).
-234
Let z(h) = -1526*h - 48840. Determine z(-32).
-8
Let p(l) = -9*l**2 + 32*l + 194. Determine p(-5).
-191
Let w(i) = -341*i**2 - 8175*i + 198. Determine w(-24).
-18
Let h(w) = w**3 + 54*w**2 - 19*w - 1730. Determine h(-53).
2086
Let t(n) = 4274*n + 1393330. Determine t(-326).
6
Let j(s) = -17*s**3 - 1295*s**2 - 226*s + 150. Give j(-76).
-2
Let l(g) = 29042*g - 29071. Calculate l(1).
-29
Let o(l) = -l**2 + 23849*l - 95361. Determine o(4).
19
Let h(f) = 15*f**3 - 350*f**2 - 105485*f - 7. Calculate h(-73).
-7
Let l(g) = 202*g + 7478. Determine l(-37).
4
Let i(z) = -7429*z + 111471. Give i(15).
36
Let o(b) = b**2 + 1724*b + 22238. Calculate o(-13).
-5
Let x(a) = -3*a**3 + 378*a**2 + 103341*a + 5. Calculate x(-133).
5
Let b(l) = -8*l**2 + 479*l - 6032. Determine b(17).
-201
Let a(x) = -37794*x - 453525. Calculate a(-12).
3
Let r(k) = -k**3 + 7*k**2 - 229*k + 1585. Give r(7).
-18
Let v(w) = -95*w**2 - 670*w + 61. Calculate v(-7).
96
Let i(u) = 755*u + 22989. What is i(-31)?
-416
Let a(q) = 391*q**2 - 279167*q - 5007. Determine a(714).
-9
Let t(i) = -6*i**2 + 854*i - 2550. What is t(3)?
-42
Let i(g) = -6159*g - 67719. Calculate i(-11).
30
Let q(l) = -l**3 - 17*l**2 - 56*l - 519. What is q(-16)?
121
Let w(i) = -25*i**2 - 3070*i - 2712. Give w(-122).
-272
Let x(t) = -t**3 + 96*t**2 + 833*t - 118. Give x(104).
-14
Let c(f) = -f**2 - 31465*f - 974457. What is c(-31)?
-3
Let z(w) = 249*w**2 + 3485*w + 10. Determine z(-14).
24
Let l(x) = -x**2 + 450672*x + 4056134. What is l(-9)?
5
Let b(y) = 6061*y - 78749. What is b(13)?
44
Let a(s) = 198*s - 3582. Calculate a(18).
-18
Let b(c) = -10624*c + 1434248. Calculate b(135).
8
Let c(j) = -18*j**2 + 906*j + 546. Calculate c(51).
-66
Let x(u) = 57012*u + 2394500. Determine x(-42).
-4
Let g(p) = 2*p**2 + 164*p - 537463. Give g(479).
-25
Let s(c) = -227384*c - 909538. Give s(-4).
-2
Let q(o) = 2695*o - 598285. What is q(222)?
5
Let v(f) = 431*f**2 + 234892*f - 1648. Give v(-545).
-13
Let j(k) = 28*k**3 - 469*k**2 + 330*k + 78. Determine j(16).
-18
Let l(p) = -p**3 - 2834*p**2 + 167726*p + 578. Calculate l(58).
-2
Let s(o) = 2*o**3 - 69*o**2 - 15156*o + 553942. Calculate s(37).
15
Let o(q) = 24*q**3 + 2*q**2 - 139*q + 41. Determine o(0).
41
Let x(u) = 1399*u - 5031. Determine x(4).
565
Let l(p) = 55*p**2 - 22*p + 5. Give l(1).
38
Let u(b) = -722*b - 35723. Determine u(-44).
-3955
Let k(i) = -67*i**2 - 912*i + 1407. What is k(-15)?
12
Let l(y) = 386*y - 5025. Give l(13).
-7
Let a(g) = -9*g**2 - 224*g - 1197. What is a(-8)?
19
Let t(s) = 290*s - 49549. Give t(175).
1201
Let g(j) = -5464*j + 3125415. Calculate g(572).
7
Let a(m) = -818*m + 10878. What is a(13)?
244
Let d(v) = -12*v**3 + 52*v**2 - 11*v + 234. Calculate d(6).
-552
Let k(y) = 112*y**2 - 610*y - 260. Calculate k(6).
112
Let d(v) = 7878*v + 3056658. What is d(-388)?
-6
Let i(c) = 166*c**3 + 10*c**2 + 17*c + 63. Determine i(-3).
-4380
Let v(r) = 16657*r + 166640. Give v(-10).
70
Let c(z) = 4*z**3 - 53*z**2 + 277*z - 1513. Give c(10).
-43
Let r(c) = 6*c**3 + 60*c**2 - 11*c + 73. What is r(-12)?
-1523
Let d(i) = 1108*i - 6826. What is d(6)?
-178
Let a(u) = 6067*u - 109145. Give a(18).
61
Let q(k) = -187*k**3 + 4*k**2 - 44*k - 95. Calculate q(-2).
1505
Let h(u) = u**3 + 72*u**2 + 261*u + 13515. What is h(-71)?
25
Let l(g) = -2*g**2 + 89299*g - 2142028. What is l(24)?
-4
Let t(u) = -u**2 - 241*u + 465. Give t(-229).
3213
Let s(q) = 9*q**3 + 5*q**2 + 15*q - 70. Determine s(-5).
-1145
Let l(t) = t**3 + 100*t**2 - 215*t + 521. Give l(-102).
1643
Let j(t) = -t**3 + 983*t - 195. Determine j(-31).
-877
Let g(k) = 811*k**2 - 8893*k - 301. Give g(11).
7
Let l(i) = 2*i**2 - 356*i + 143. What is l(179)?
501
Let s(z) = z**3 + 9*z**2 - 214*z - 2039. Determine s(-12).
97
Let p(y) = 2087*y - 807668. What is p(387)?
1
Let z(k) = 22326*k - 2098635. Determine z(94).
9
Let c(q) = -q**3 - 57*q**2 + 1306*q + 3344. What is c(-74)?
-208
Let s(v) = v**3 + 125*v**2 + 2796*v + 1161. Determine s(-96).
9
Let k(g) = 1047*g**2 + 290021*g + 542. Calculate k(-277).
-12
Let b(x) = 6025*x + 469921. What is b(-78)?
-29
Let a(l) = -2*l**2 + 106*l - 1010. Give a(29).
382
Let j(f) = -f**3 - 385*f**2 - 3056*f - 15077. Determine j(-377).
3
Let z(o) = -610*o + 3512. Determine z(6).
-148
Let u(m) = m**2 + 101*m - 907. Determine u(15).
833
Let w(i) = i**3 + 95*i**2 - 2611*i - 4319. Calculate w(-117).
10
Let f(u) = -u**3 - 61*u**2 - 20*u - 2052. Determine f(-61).
-832
Let b(t) = 24*t**2 - 1048*t + 10051. What is b(30)?
211
Let x(u) = -4*u**2 + 375*u + 164051. What is x(-161)?
-8
Let l(n) = -n**3 + 14*n**2 + 276*n - 2204. Determine l(22).
-4
Let d(z) = z**3 - 92*z**2 + 887*z - 133. Give d(11).
-177
Let k(b) = 14*b**2 + 188*b + 568. Give k(-4).
40
Let t(z) = -z**2 - 6392*z + 2559060. Give t(378).
0
Let r(h) = -254*h - 14904. Determine r(-57).
-426
Let l(g) = -948*g + 21782. Give l(23).
-22
Let b(j) = -16560*j + 248416. What is b(15)?
16
Let u(q) = -3214*q + 584951. Give u(182).
3
Let d(x) = -3041*x - 191578. What is d(-63)?
5
Let a(l) = 7360*l + 6834. What is a(-1)?
-526
Let v(x) = -x**2 - 233*x + 1130. Give v(5).
-60
Let q(j) = -6*j**3 - 355*j**2 - 358*j + 145. Give q(-58).
-2639
Let p(g) = -g**3 + 54*g**2 + 431*g - 149. Calculate p(61).
95
Let g(d) = d**3 + 2305*d**2 - 197*d - 454089. Determine g(-2305).
-4
Let w(i) = i**3 - 6*i**2 + 1008*i - 10555. Give w(10).
-75
Let g(b) = 2556*b + 10352. Calculate g(-4).
128
Let h(l) = -l**3 + 87*l**2 + 469*l + 79. What is h(92)?
907
Let w(s) = 132*s**2 + 3963*s - 17. Give w(-30).
-107
Let q(s) = -47*s - 1417. Give q(-32).
87
Let b(a) = 36499*a + 18650983. What is b(-511)?
-6
Let q(v) = 32*v - 133. Give q(6).
59
Let a(i) = 3*i**3 - 21*i**2 - 85*i - 185. Give a(15).
3940
Let o(w) = 44*w**2 + 502*w + 215. Calculate o(-11).
17
Let u(j) = -59*j + 4779. What is u(48)?
1947
Let z(q) =